65 - u. Calculate the greatest common factor of 105 and j.
21
Let w = -2 - -2. Suppose -p + 3*p - 16 = w. Suppose 7*k - 60 = -8*k. What is the highest common factor of k and p?
4
Suppose -5*h + h + 58 = -2*a, -3*h + 4*a = -56. What is the greatest common divisor of 16 and h?
4
Suppose 0 = 15*d - 1535 - 85. What is the highest common factor of d and 24?
12
Suppose -3*r + 209 = -226. Calculate the greatest common factor of 87 and r.
29
Let q(d) = 11*d + 0*d**3 - d**3 + 3*d**2 + 2*d**2 + 15 - 9. Let l be q(6). What is the greatest common factor of l and 72?
36
Let w(p) = -11*p + 1. Suppose 13*f = 10*f - 6. Let d be w(f). Calculate the greatest common divisor of 23 and d.
23
Let m(n) = -n + 3. Let t be (-6)/(-3)*(-1)/2. Let z be m(t). Suppose -x - 7 = 5*o + 10, -3*x + z*o + 25 = 0. Calculate the greatest common divisor of 2 and x.
1
Suppose 2*y - a = 46, -2*y + a + 34 = -3*a. Suppose 0 = 25*q - 32*q + 1400. What is the highest common divisor of y and q?
25
Let y = -102 + 111. Suppose -2*o + 0*l = 2*l - 26, -3*o + y = -3*l. What is the highest common factor of o and 8?
8
Let x be (-112)/(-2) + -4 + 1 + 2. What is the greatest common divisor of 11 and x?
11
Let y(h) = -h**3 + 3*h**2 + 11*h - 7. Let o be y(5). Let k(d) = -7*d. Let a be k(o). Calculate the greatest common divisor of a and 21.
7
Suppose 9*w + 92 = 11*w. Suppose -2*t - 2 = m - 6*t, w = -4*m - 3*t. Let r be (m - -13)*(-5)/(-3). What is the highest common divisor of 45 and r?
5
Let t(r) = 2*r**2 + r - 6. Let u be t(6). Let c = -207 + 215. What is the highest common divisor of c and u?
8
Let k be (5/4)/(3/12). Let a = k + 5. What is the greatest common divisor of 10 and a?
10
Suppose -106*w + 1173 = -841. What is the greatest common divisor of 703 and w?
19
Suppose -5*r + 30 = o, 5*r - 4*o - 3 = 2. Suppose 2 = -r*i + 27. Calculate the highest common factor of 55 and i.
5
Suppose -3*i = -i - 78. Let t = -2 - -15. What is the greatest common divisor of i and t?
13
Let t(p) = 642*p**3 + 5*p**2 - 4*p + 3. Let m be t(1). What is the highest common factor of 38 and m?
38
Let z be 8225/140 + 3/(-4). Calculate the greatest common divisor of z and 174.
58
Suppose 0 - 4 = 4*s + t, 0 = 4*t. Let k(j) = -28*j**3 + j**2 - 2*j - 2. Let r be k(s). Let p = 199 + -112. Calculate the greatest common factor of p and r.
29
Let g(u) = 6*u**3 + 3*u - 3. Let w be g(1). Suppose 1 = 4*c - 7. Suppose 58 + w = c*h. Calculate the highest common factor of 160 and h.
32
Let i be (-1172)/(-4) + (5 - 6)*-4. What is the greatest common divisor of i and 135?
27
Suppose 28*f - 21*f = 868. What is the highest common divisor of f and 4?
4
Let f(k) = 12*k**2 + k + 1. Let c be 0 + -1 + (1 - -4). Suppose -4*i - c + 0 = 0. Let y be f(i). What is the greatest common divisor of y and 3?
3
Let y = -513 - -534. Calculate the greatest common factor of y and 63.
21
Let l = 73 + -116. Let f = 61 - l. Calculate the highest common divisor of 13 and f.
13
Let w be (-7)/2 - -4 - (-867)/2. What is the greatest common divisor of w and 140?
14
Let i = -21 + 78. Let n = -33 + i. Suppose 2*d - 8 + 6 = -h, -h + 4*d + 32 = 0. Calculate the highest common factor of n and h.
12
Suppose z = 2*x + 58, 2*x = -4*z + 96 + 106. What is the greatest common factor of 13 and z?
13
Let v = 269 - 11. Calculate the greatest common factor of v and 43.
43
Suppose -16*v + 22 + 10 = 0. What is the greatest common divisor of v and 86?
2
Let t = 55 - -13. Let z = 9947 + -9777. What is the highest common divisor of t and z?
34
Suppose 3040 = -8*z + 24*z. Suppose 0 = 4*q + 20, -5*p - 21 = -2*q - 81. Calculate the greatest common divisor of p and z.
10
Let q be 6/(-14) + 7*188/98. Calculate the highest common divisor of 871 and q.
13
Let p = -123 - -238. Let g(c) = -55*c**2. Let y be g(1). Let i = p + y. Calculate the highest common factor of 24 and i.
12
Suppose -4*y = -0*y - 28. Let i be (-90)/y*378/(-81). Calculate the greatest common divisor of i and 90.
30
Let i(k) = -2*k**3 + 18*k**2 + 18*k + 24. Let u be i(10). Calculate the highest common divisor of 224 and u.
4
Suppose -33 = -4*w + 5*n, -3*n - 3 - 6 = 3*w. Suppose 5*h = -w*p + 28, -p - 4*h - 46 = -3*p. Let l = -2 + p. What is the greatest common divisor of 119 and l?
17
Let p be 168 + (-138)/621*(-18)/4. What is the highest common factor of p and 26?
13
Suppose -2*l + 133 = -135. Let z = l - 130. Calculate the greatest common factor of z and 8.
4
Let l(v) = -11*v - 2. Let a = -34 - -30. Let h be l(a). Let s be 1*(21 + 0)*3. What is the greatest common factor of s and h?
21
Let f(d) = -3*d**3 - d**2 + 4*d + 4. Let q be f(-1). Let x be (5/(-15))/(q/(-48)). What is the highest common divisor of x and 8?
8
Let h = -25 - -24. Let m be h/(-7) - (-58)/(-14). Let d be (6 - 0)/((-6)/m). Calculate the greatest common factor of d and 6.
2
Suppose -4*v + 852 = -76. Suppose 5*z + 20 = 0, 6*z - 2*z - 100 = -4*m. Calculate the highest common divisor of m and v.
29
Let r be (84/35)/(2 + 32/(-15)). Let g be ((-28)/(-8))/((r/20)/(-9)). What is the highest common divisor of 5 and g?
5
Let k be ((-5)/(-5))/(5/250). What is the highest common factor of k and 175?
25
Suppose 0 = 4*g - 5*t + 44, -28 = 4*g - 5*t + 4*t. Let x be (-12)/(2 + 13/g). Let f = -18 + 42. Calculate the greatest common factor of f and x.
24
Suppose -5*a + 3*v - 12 = 7*v, -6 = 2*v. Suppose a = -7*y + 9*y - 294. Let p(m) = -2*m - 3. Let k be p(-12). Calculate the highest common divisor of k and y.
21
Suppose 4*j = 7*j - 315. Calculate the greatest common divisor of j and 21.
21
Let g = -17 - -19. Let m be (0 - g)/(6/(-36)). What is the greatest common factor of m and 36?
12
Let c(j) = -j**2 - 11*j + 187. Let l be c(9). What is the highest common divisor of l and 1561?
7
Suppose 5*v = -79 - 146. Let p = -27 - v. What is the greatest common divisor of 108 and p?
18
Let l(i) be the third derivative of i**4/2 - 4*i**3/3 + 3*i**2. Let z be l(4). Suppose 2*r + z = 194. Calculate the greatest common factor of 11 and r.
11
Let b be ((-5)/(50/5))/((-1)/28). What is the greatest common factor of 42 and b?
14
Suppose 5*o + 514 = 584. Calculate the highest common divisor of o and 189.
7
Let v(m) = m**3 + 12*m**2 + 6*m - 23. Let p be v(-11). Calculate the highest common divisor of p and 352.
32
Let h(m) = 37 + 3*m - 8*m + 2*m + 0*m. Let p be h(10). Calculate the highest common factor of 28 and p.
7
Let b be (-4)/(-14) - (-496)/28. Let q = -1780 - -1924. What is the greatest common factor of q and b?
18
Let s(w) = w**2 + 9*w + 55. Let j be s(-9). Calculate the greatest common factor of 550 and j.
55
Let r be 0 - 7/((-14)/(-4176)). Let w be (-2)/5 - (r/10)/2. Calculate the highest common factor of w and 26.
26
Let w(r) = 3*r**2 - 16*r - 55. Let p be w(12). What is the greatest common divisor of 148 and p?
37
Let a be ((-3)/(-2))/(1/(-2)). Let w be (18 + a)*(-72)/(-30). What is the greatest common divisor of w and 24?
12
Let b(o) be the first derivative of -o**4/4 + 2*o**3 + 3*o**2/2 - 5*o - 4. Let n be b(6). Let z = n - 5. What is the greatest common divisor of z and 88?
8
Suppose -11*m + 8*m + 1122 = 0. What is the highest common divisor of 102 and m?
34
Let v(h) = -h**3 + 5*h**2 - 3*h + 4. Let p be 2*-2*24/(-32). Let j be v(p). Calculate the greatest common divisor of 65 and j.
13
Suppose 6 = 2*a, 2*a + 2*a = u - 440. Suppose 0 = 5*n + 3*t - 785, -t + 3*t + u = 3*n. Calculate the highest common divisor of 14 and n.
14
Let i be 14*2 - 18/6. Calculate the highest common factor of 450 and i.
25
Let l(a) = -2*a + 3. Let y be l(-4). Let t be -2*3*1100/(-75). Calculate the highest common factor of y and t.
11
Suppose 4*p = k - 3, 16*k - 34 = 14*k + p. What is the highest common factor of k and 57?
19
Let r(j) = 13*j**2 + 2*j - 4. Let s be r(3). Suppose -p + s = 4*p + q, p = -5*q + 19. Calculate the greatest common factor of 3 and p.
3
Let x(h) = -h**3 - 4*h**2 + 3*h - 8. Let c be x(-5). Suppose c*a - 25 = -15. Suppose 256 = a*z - 344. Calculate the greatest common factor of 15 and z.
15
Let g be 24/9*(-27)/(-18). Suppose -g*d + 4*m = -48, -4 = 3*d - 2*d - 5*m. Suppose 960 = -2*r + 8*r. Calculate the highest common factor of d and r.
16
Suppose 2*q - 36000 = -30*q. What is the highest common divisor of 45 and q?
45
Let k = 414 - 314. What is the highest common factor of 25 and k